{"id":880,"date":"2013-03-10T16:19:19","date_gmt":"2013-03-10T15:19:19","guid":{"rendered":"http:\/\/www.feuerwehr-heuchelheim.de\/?page_id=880"},"modified":"2024-02-07T18:30:00","modified_gmt":"2024-02-07T17:30:00","slug":"minifeuerwehr","status":"publish","type":"page","link":"https:\/\/www.feuerwehr-heuchelheim.de\/?page_id=880","title":{"rendered":"Minifeuerwehr"},"content":{"rendered":"<p><!-- [if !mso]> <mce:style><! v:* {behavior:url(#default#VML);} o:* {behavior:url(#default#VML);} w:* {behavior:url(#default#VML);} .shape {behavior:url(#default#VML);} --><\/p>\n<p><!--[endif] --><\/p>\n<p class=\"MsoNormal\"><img loading=\"lazy\" decoding=\"async\" class=\"wp-image-1342 size-medium alignright\" src=\"https:\/\/www.feuerwehr-heuchelheim.de\/wp-content\/uploads\/2013\/03\/vogel-234x300.jpg\" alt=\"\" width=\"234\" height=\"300\" \/>Die Minifeuerwehr ist die Jugendgruppe der Feuerwehr Heuchelheim f\u00fcr Kinder im Alter von 6 bis 10 Jahren. In der monatlichen \u00dcbungsstunde lernen die Kinder mit viel Spiel und Spa\u00df, was die Feuerwehr so macht. Neben der Brandschutzfr\u00fcherziehung, wie dem Erlernen des richtigen Absetzen eines Notrufes, kommt auch die allgemeine Jugendarbeit nicht zu kurz. Beispielsweise wird zusammen gebastelt oder gekocht.<\/p>\n<p class=\"MsoNormal\">Jede\/r Interessent\/in ist herzlich eingeladen einfach einmal samstags in eine der \u00dcbungsstunden zu kommen!<\/p>\n<p class=\"MsoNormal\">Die \u00dcbungsstunden dauern 1,5 Stunden und beginnen jeden letzten Samstag im Monat um 15 Uhr am Feuerwehrhaus Heuchelheim.<\/p>\n<p class=\"MsoNormal\">Sollten sich \u00c4nderungen am \u00dcbungsplan ergeben, werden diese rechtzeitig in den Heuchelheimer Gemeindenachrichten oder auf der Startseite der Internetseite bekanntgegeben.<\/p>\n<p class=\"MsoNormal\">Auf ein spannendes und erlebnisreiches Jahr freuen sich eure Betreuer,<\/p>\n<p><strong>Rene Befort\u00a0\u00a0\u00a0\u00a0\u00a0\u00a0\u00a0\u00a0\u00a0\u00a0\u00a0\u00a0\u00a0\u00a0\u00a0\u00a0\u00a0 Handy: 01791\/204190\u00a0 \u00a0 \u00a0 E-Mail: renebefort@gmx.net<\/strong><\/p>\n<p class=\"MsoNormal\"><strong>Dennis Krebast \u00a0 \u00a0 \u00a0 \u00a0 \u00a0 \u00a0\u00a0 Handy: 0157\/39121351\u00a0\u00a0\u00a0\u00a0 E-Mail: dennis.krebast@gmx.de<\/strong><\/p>\n<p class=\"MsoNormal\"><strong>\u00a0<\/strong><\/p>\n<p class=\"MsoNormal\"><strong>\u00a0<\/strong><\/p>\n","protected":false},"excerpt":{"rendered":"<p>Die Minifeuerwehr ist die Jugendgruppe der Feuerwehr Heuchelheim f\u00fcr Kinder im Alter von 6 bis 10 Jahren. In der monatlichen \u00dcbungsstunde lernen die Kinder mit viel Spiel und Spa\u00df, was die Feuerwehr so macht. Neben der Brandschutzfr\u00fcherziehung, wie dem Erlernen des richtigen Absetzen eines Notrufes, kommt auch die allgemeine Jugendarbeit nicht zu kurz. Beispielsweise wird [&hellip;]<\/p>\n","protected":false},"author":1,"featured_media":0,"parent":278,"menu_order":0,"comment_status":"closed","ping_status":"closed","template":"","meta":{"footnotes":""},"class_list":["post-880","page","type-page","status-publish","hentry"],"_links":{"self":[{"href":"https:\/\/www.feuerwehr-heuchelheim.de\/index.php?rest_route=\/wp\/v2\/pages\/880","targetHints":{"allow":["GET"]}}],"collection":[{"href":"https:\/\/www.feuerwehr-heuchelheim.de\/index.php?rest_route=\/wp\/v2\/pages"}],"about":[{"href":"https:\/\/www.feuerwehr-heuchelheim.de\/index.php?rest_route=\/wp\/v2\/types\/page"}],"author":[{"embeddable":true,"href":"https:\/\/www.feuerwehr-heuchelheim.de\/index.php?rest_route=\/wp\/v2\/users\/1"}],"replies":[{"embeddable":true,"href":"https:\/\/www.feuerwehr-heuchelheim.de\/index.php?rest_route=%2Fwp%2Fv2%2Fcomments&post=880"}],"version-history":[{"count":9,"href":"https:\/\/www.feuerwehr-heuchelheim.de\/index.php?rest_route=\/wp\/v2\/pages\/880\/revisions"}],"predecessor-version":[{"id":1971,"href":"https:\/\/www.feuerwehr-heuchelheim.de\/index.php?rest_route=\/wp\/v2\/pages\/880\/revisions\/1971"}],"up":[{"embeddable":true,"href":"https:\/\/www.feuerwehr-heuchelheim.de\/index.php?rest_route=\/wp\/v2\/pages\/278"}],"wp:attachment":[{"href":"https:\/\/www.feuerwehr-heuchelheim.de\/index.php?rest_route=%2Fwp%2Fv2%2Fmedia&parent=880"}],"curies":[{"name":"wp","href":"https:\/\/api.w.org\/{rel}","templated":true}]}}