{"id":459,"date":"2011-11-11T00:02:20","date_gmt":"2011-11-10T23:02:20","guid":{"rendered":"http:\/\/www.feuerwehr-heuchelheim.de\/?page_id=459"},"modified":"2020-08-20T17:36:34","modified_gmt":"2020-08-20T15:36:34","slug":"geraetewagen-umweltschutz","status":"publish","type":"page","link":"https:\/\/www.feuerwehr-heuchelheim.de\/?page_id=459","title":{"rendered":"Ger\u00e4tewagen Umweltschutz"},"content":{"rendered":"\n<figure class=\"wp-block-image size-large\"><img loading=\"lazy\" decoding=\"async\" width=\"605\" height=\"397\" src=\"https:\/\/www.feuerwehr-heuchelheim.de\/wp-content\/uploads\/2020\/08\/image-5.png\" alt=\"\" class=\"wp-image-1904\" srcset=\"https:\/\/www.feuerwehr-heuchelheim.de\/wp-content\/uploads\/2020\/08\/image-5.png 605w, https:\/\/www.feuerwehr-heuchelheim.de\/wp-content\/uploads\/2020\/08\/image-5-300x197.png 300w\" sizes=\"auto, (max-width: 605px) 100vw, 605px\" \/><\/figure>\n\n\n\n<p><strong>Ger\u00e4tewagen Umweltschutz und Logistik<\/strong><\/p>\n\n\n\n<p><strong>Funkrufnamen:&nbsp;&nbsp;&nbsp;&nbsp;&nbsp;&nbsp;&nbsp;&nbsp; <\/strong>Florian Heuchelheim 64-1<\/p>\n\n\n\n<p><strong>Fahrgestell: &nbsp; &nbsp;&nbsp;&nbsp;&nbsp;&nbsp;&nbsp;&nbsp;&nbsp;&nbsp;&nbsp;&nbsp; <\/strong>Mercedes Benz Atego<\/p>\n\n\n\n<p><strong>Baujahr:&nbsp;&nbsp;&nbsp;&nbsp;&nbsp;&nbsp;&nbsp;&nbsp;&nbsp;&nbsp;&nbsp;&nbsp;&nbsp;&nbsp;&nbsp;&nbsp;&nbsp;&nbsp;&nbsp;&nbsp; <\/strong>2000<\/p>\n\n\n\n<p><strong>Indienststellung:&nbsp;&nbsp;&nbsp;&nbsp;&nbsp;&nbsp; <\/strong>2004<\/p>\n\n\n\n<p><strong>Besatzung:&nbsp;&nbsp;&nbsp;&nbsp;&nbsp;&nbsp;&nbsp;&nbsp;&nbsp;&nbsp;&nbsp;&nbsp;&nbsp;&nbsp;&nbsp; <\/strong>1\/1 (1 Truppf\u00fchrer, 1 Besatzungsmitglied)<\/p>\n\n\n\n<p><strong>Beschreibung:<\/strong><\/p>\n\n\n\n<p>Der Ger\u00e4tewagen Umweltschutz und Logistik dient dem Transport von Rollwagen und Nachschubmaterialien an die Einsatzstelle, sowie dem Abtransport von gebrauchten Materialien. Das Fahrzeug r\u00fcckt bei Gefahrguteins\u00e4tzen unmittelbar nach dem Hilfeleistungsl\u00f6schgruppenfahrzeug aus, da zur Beladung 4 Chemikalienschutzanz\u00fcge geh\u00f6ren.<\/p>\n\n\n\n<p><strong>Standard Beladung:<\/strong><\/p>\n\n\n\n<ul class=\"wp-block-list\"><li>1 Rollcontainer R\u00fcstholz<\/li><li>1 Rollcontainer Dekontamination<\/li><li>1 Rollcontainer Abdichtung<\/li><li>Verkehrsabsicherungsmaterial<\/li><li>\u00d6lbindemittel<\/li><li>1 Feuerl\u00f6scher<\/li><\/ul>\n\n\n\n<p><strong>Optionale Beladung:<\/strong><\/p>\n\n\n\n<ul class=\"wp-block-list\"><li>1 Rollcontainer Schmutzwasserpumpen<\/li><li>3 Rollcontainer Nasssauger<\/li><li>Zus\u00e4tzliche Stromerzeuger<\/li><li>1 Rollwagen Betreuung<\/li><li>Zus\u00e4tzliches Bindemittel<\/li><li>Schaummittel<\/li><li>Diverse Sands\u00e4cke auf Paletten<\/li><li>Formstabile Schl\u00e4uche<\/li><li>Auffangwannen<\/li><li>Materialien f\u00fcr Notverglasungen<\/li><li>2 Faltbeh\u00e4lter zur L\u00f6schwasserr\u00fcckhaltung<\/li><li>Mobile \u00d6lsperren f\u00fcr Gew\u00e4sser<\/li><li>Diverses Handwerkszeug<\/li><\/ul>\n","protected":false},"excerpt":{"rendered":"<p>Ger\u00e4tewagen Umweltschutz und Logistik Funkrufnamen:&nbsp;&nbsp;&nbsp;&nbsp;&nbsp;&nbsp;&nbsp;&nbsp; Florian Heuchelheim 64-1 Fahrgestell: &nbsp; &nbsp;&nbsp;&nbsp;&nbsp;&nbsp;&nbsp;&nbsp;&nbsp;&nbsp;&nbsp;&nbsp; Mercedes Benz Atego Baujahr:&nbsp;&nbsp;&nbsp;&nbsp;&nbsp;&nbsp;&nbsp;&nbsp;&nbsp;&nbsp;&nbsp;&nbsp;&nbsp;&nbsp;&nbsp;&nbsp;&nbsp;&nbsp;&nbsp;&nbsp; 2000 Indienststellung:&nbsp;&nbsp;&nbsp;&nbsp;&nbsp;&nbsp; 2004 Besatzung:&nbsp;&nbsp;&nbsp;&nbsp;&nbsp;&nbsp;&nbsp;&nbsp;&nbsp;&nbsp;&nbsp;&nbsp;&nbsp;&nbsp;&nbsp; 1\/1 (1 Truppf\u00fchrer, 1 Besatzungsmitglied) Beschreibung: Der Ger\u00e4tewagen Umweltschutz und Logistik dient dem Transport von Rollwagen und Nachschubmaterialien an die Einsatzstelle, sowie dem Abtransport von gebrauchten Materialien. Das Fahrzeug r\u00fcckt bei Gefahrguteins\u00e4tzen unmittelbar nach dem Hilfeleistungsl\u00f6schgruppenfahrzeug [&hellip;]<\/p>\n","protected":false},"author":1,"featured_media":0,"parent":413,"menu_order":4,"comment_status":"closed","ping_status":"closed","template":"","meta":{"footnotes":""},"class_list":["post-459","page","type-page","status-publish","hentry"],"_links":{"self":[{"href":"https:\/\/www.feuerwehr-heuchelheim.de\/index.php?rest_route=\/wp\/v2\/pages\/459","targetHints":{"allow":["GET"]}}],"collection":[{"href":"https:\/\/www.feuerwehr-heuchelheim.de\/index.php?rest_route=\/wp\/v2\/pages"}],"about":[{"href":"https:\/\/www.feuerwehr-heuchelheim.de\/index.php?rest_route=\/wp\/v2\/types\/page"}],"author":[{"embeddable":true,"href":"https:\/\/www.feuerwehr-heuchelheim.de\/index.php?rest_route=\/wp\/v2\/users\/1"}],"replies":[{"embeddable":true,"href":"https:\/\/www.feuerwehr-heuchelheim.de\/index.php?rest_route=%2Fwp%2Fv2%2Fcomments&post=459"}],"version-history":[{"count":3,"href":"https:\/\/www.feuerwehr-heuchelheim.de\/index.php?rest_route=\/wp\/v2\/pages\/459\/revisions"}],"predecessor-version":[{"id":1905,"href":"https:\/\/www.feuerwehr-heuchelheim.de\/index.php?rest_route=\/wp\/v2\/pages\/459\/revisions\/1905"}],"up":[{"embeddable":true,"href":"https:\/\/www.feuerwehr-heuchelheim.de\/index.php?rest_route=\/wp\/v2\/pages\/413"}],"wp:attachment":[{"href":"https:\/\/www.feuerwehr-heuchelheim.de\/index.php?rest_route=%2Fwp%2Fv2%2Fmedia&parent=459"}],"curies":[{"name":"wp","href":"https:\/\/api.w.org\/{rel}","templated":true}]}}